 of z?
9
Let t be 0 - (-219)/3 - (1 + -1). Let h = t - 74. What is the hundreds digit of 994/7 + 1 + h/1?
1
Let d(n) = -7*n - 49*n**2 - 1 + 48*n**2 - 8. Let s be d(-4). Suppose -353 = -3*m + s*r - 8*r, -5*r - 615 = -5*m. What is the units digit of m?
1
Let l(c) = 6*c**2 - 85*c + 15. Let k be l(27). Suppose -5*u = i - 4017, -4*u = -4*i - 5298 + k. What is the tens digit of u?
0
What is the thousands digit of ((-770)/49 - -12 - (-2)/(-7))*-1523?
6
Let x(f) = 6*f**2 + f - 1. Let i be x(-1). Suppose t = -4*l + 21, -3*l - 2*l = i*t - 40. Suppose -l*g = -g - 243. What is the tens digit of g?
8
Let q = 715 + -1589. Let b = 1685 + q. What is the units digit of b?
1
Suppose 4*s - s - 5*p = 1, 3*p = 3. Let q(j) = j**s + 1 + 2*j - 11*j - 4*j. What is the tens digit of q(14)?
1
Let j be -4 - 2*-7 - -4. Let a be (j/(-8) + -3)*-36. Let k = a - 99. What is the tens digit of k?
7
Suppose -33*b = -37*b + 1812. Suppose 3*r - 733 = -a, 2*r = 2*a + 25 + b. What is the hundreds digit of r?
2
Let c = 152 + -140. Suppose -c*o + 8*o + 4*r + 1540 = 0, -o + 377 = -3*r. What is the tens digit of o?
8
Suppose 294*l + 616956 = 40*l + 6406124. What is the units digit of l?
2
Suppose 2*a = -2*p + 33 - 13, 3*p = 3*a - 30. What is the units digit of 10/(-5)*(-1 + (-345)/a)?
1
Suppose 4*s - 6*g = -9*g + 81747, 3*g = -21. What is the tens digit of s?
4
Suppose 22183 + 17243 = 6*r. What is the units digit of r?
1
Suppose 0 = 28*g - 691 - 1661. Let n be (-2 + 0)/(-4)*28. Suppose g = 5*c + 4*y - n, 0 = -y - 3. What is the units digit of c?
2
Let j(f) = 4*f**2 + 20*f - 40. Let b be j(-16). Suppose 3*x - 498 = -k, x - b = -3*x + 4*k. What is the hundreds digit of x?
1
Let f = 13846 + -8535. What is the units digit of f?
1
Let s = 10627 + -6108. What is the thousands digit of s?
4
Let n(d) = 158*d**2 + 12*d + 61. What is the hundreds digit of n(-4)?
5
What is the thousands digit of ((-6)/(-14) + (-666978)/1071)/((-1)/12)?
7
Suppose -9*z = -10*z + 22. Suppose -z = c + 2*r, -4*r - 72 = 4*c - 0*r. Let j(m) = -m + 27. What is the tens digit of j(c)?
4
Suppose 4*b + 8 = 8*b. What is the units digit of -2*(b*12/(-6) + 0)?
8
Suppose 40*q = -5*u + 37*q + 32720, -13092 = -2*u - 2*q. What is the units digit of u?
1
Let i(b) = 5*b - 16. Let n = 65 - 61. Let r be i(n). Suppose q + 0*q - 24 = -3*g, 0 = -5*q + r*g + 25. What is the units digit of q?
9
Let i(r) = 17*r**2 + 11*r + 16. Suppose 12*g = -169 + 85. What is the units digit of i(g)?
2
Let m = 78 - 119. Suppose -117 = o + 4. Let d = m - o. What is the units digit of d?
0
Suppose 4*g + 1920 = 7*x - 5*x, -7*x - 4*g = -6630. What is the hundreds digit of x?
9
Let v(y) = 3*y**3 - 39*y**2 + 68*y - 207. What is the thousands digit of v(19)?
7
Let k be (-3 + (-26)/(-10))/(1/(-15)). Suppose s + 45 = k*s - 5*v, 6 = 4*s + 2*v. Suppose -s*h + h + 39 = 4*y, -2*y + 21 = 3*h. What is the units digit of y?
9
Let b be ((-252)/(-294))/(132/42 - 3). Let o(j) = 108*j + 4. Let l be o(5). Suppose b*u - 1420 = -l. What is the units digit of u?
6
Suppose 2*q - 708 = -5*a, 0*a = -2*q + 5*a + 748. Let i = q + 65. What is the tens digit of i?
2
Suppose 0 = v + 2, 0 = -27*i + 29*i - 4*v - 8704. What is the units digit of i?
8
Suppose -2*t = 5*f - 37934, 9911 = -t + 3*f + 28856. What is the thousands digit of t?
8
Suppose 3*n + 5*v = 5*n + 565, 5*n + v + 1453 = 0. Let k = n + 1691. What is the units digit of k?
1
Suppose 0 = f - 3*i + 343, 0 = -8*f + 5*f + i - 1029. Let k = -231 - f. What is the hundreds digit of k?
1
Let p = -162 - -963. Suppose 0 = 7*g - 5121 - p. What is the hundreds digit of g?
8
Let b(n) = -n**2 + 8*n - 18. Let q be b(6). Let s be -1*(-22)/4*1*q. Let v = s + 35. What is the units digit of v?
2
Suppose p = 2*i + 9 - 1, 4*p + 3*i = -1. Let s(o) = 40*o**3 + 2*o**2 - 6*o + 6. What is the hundreds digit of s(p)?
3
Let w(x) = 7 + 2 - 3 - 6*x - 4. Suppose 2*y - 36 = 6*y. What is the tens digit of w(y)?
5
What is the ten thousands digit of -16 - (99080/(-8) - -13)?
1
Let c(d) be the third derivative of d**5/30 + 5*d**4/8 - 11*d**3/6 + 9*d**2 - 91*d. Suppose 0 = -0*n - n - 12. What is the tens digit of c(n)?
9
Let b = 413 + -423. What is the units digit of ((-368)/b + 0)/((-15)/(-75))?
4
Let o(q) = 9*q + 38. Let y(p) = 8*p + 37. Let g(h) = 5*o(h) - 6*y(h). Let l = 99 + -117. What is the tens digit of g(l)?
2
Let q(c) = -2*c**3 - 3*c**2 + 5. Let g be q(-5). Let f be 0 - ((-120)/(-75))/(1/(-5)). Suppose f*t - g = 3*t. What is the tens digit of t?
3
What is the ten thousands digit of ((-366300)/(-24) + 11)/(3/6)?
3
Suppose 0 = 7*h - 64 - 48. What is the tens digit of -4 + 0 + (38 - h)?
1
What is the thousands digit of 4/42 - 22/((-2772)/893202)?
7
Let p(r) = 90*r. Let m(f) = -f**3 - 3*f**2 - 2*f + 1. Let q = 40 - 42. Let a be m(q). What is the tens digit of p(a)?
9
Let t be 116 - (9/6)/3*-6. Let p = t + -213. What is the units digit of 6/(-36) - p/(-24)*-10?
9
Let j be 0/(-1 - 1) - -2. Suppose 4*b + 0*q = j*q + 24, -12 = -5*b - 2*q. Suppose 2*f - 5 = -5*o, b*o = -f - f + 8. What is the units digit of f?
0
Suppose -5*l + 27757 - 9842 = -4*o, 0 = -5*l - 4*o + 17955. What is the tens digit of l?
8
Let n = -17462 + 37845. What is the ten thousands digit of n?
2
Suppose -j - 13 = 3*g - 1, -g - 18 = 5*j. Let n be 5/(g - 7)*-8. Suppose n*u - 340 = 4*w, 2*u + 3*w = -3*u + 457. What is the units digit of u?
9
Let j be (5 + 84/(-18))*9. Suppose 4*m = -2*d + 1468, -j*m + 7*m - 2210 = -3*d. What is the hundreds digit of d?
7
Let b be 14/(-8) + 2/(-8) - 87. Let u = 184 + b. Suppose 4*j = 723 - u. What is the hundreds digit of j?
1
Suppose 5*t = 9*t - 1052. Let c = t + -156. What is the hundreds digit of c?
1
Let a be 549/5*(-440)/(-132). Let n = 698 - a. What is the hundreds digit of n?
3
Suppose 20*v + l = 14*v + 30582, -4*v = -2*l - 20404. What is the thousands digit of v?
5
Suppose 4*n = -l + 21351, 4157 + 6502 = 2*n - 5*l. What is the thousands digit of n?
5
Let j(z) = z**3 - 3*z**2 - 7*z - 3. Let i be j(6). Let a be -3*((-10)/(-75) + 39/45). Let r = i + a. What is the tens digit of r?
6
Let k(s) = -3*s**2 + 3*s + 2. Let w be k(-1). Let b be 18/(-12)*w/3. Suppose -b*q = -q - 98. What is the units digit of q?
8
Let u(f) = 151*f**2 + f + 2. Let h(s) = -2*s + 1. Let z(a) = h(a) + u(a). What is the thousands digit of z(3)?
1
Suppose 220*d = -4*q + 216*d + 97764, q - d - 24439 = 0. What is the units digit of q?
0
Let j(y) = -2*y**2 - 51*y - 27. Let o = 65 + -89. What is the units digit of j(o)?
5
Let q be (-2)/(-8) - (-70)/8 - 4. Suppose q*c - 1588 = 2*g + 2541, -c - 5*g = -842. What is the hundreds digit of c?
8
Let b(v) = 57*v**2 + 16*v - 40. What is the hundreds digit of b(3)?
5
What is the thousands digit of (13 + (-42480)/(-27))*3*(2 + -1)?
4
What is the ten thousands digit of (-352922112)/(-9360) - (-2)/(-13) - 12/10?
3
Suppose 3*r + 0 - 21 = f, -2*r = -3*f - 14. Suppose -3 = -2*d + r. Suppose -5*a + 686 = 3*w, -5*a + 690 = -0*w + d*w. What is the tens digit of a?
3
Suppose 2*i = -127 + 101. What is the tens digit of ((-8)/i)/4 - (-20480)/52?
9
Suppose 4*d - 4*a - 23192 = 0, 17801 = 2*d + 3*a + 6215. What is the tens digit of d?
9
Suppose -90*i - 53*i + 2013438 = -101*i. What is the units digit of i?
9
Let k = 3991 + -1493. What is the thousands digit of k?
2
Let p = -19858 - -39182. What is the thousands digit of p?
9
Let o = -26932 - -92337. What is the units digit of o?
5
Suppose -2*n + 4*i = -27610, 4*n - 11829 = -3*i + 43402. What is the units digit of n?
7
Let o = -102 - -208. Suppose -o = -y + z, 3*y + z - 326 = 6*z. What is the hundreds digit of y?
1
Let w(a) = 4*a**3 + 19*a**2 - 6*a + 95. What is the units digit of w(7)?
6
Suppose 102*d = 154*d - 975208. What is the units digit of d?
4
Suppose -126*i + 36 = -135*i. What is the tens digit of (((-48)/(-10))/i)/((-24)/19440)?
7
Let u(i) = -i**2 - 6*i - 4. Suppose -10 = -0*c + 5*c. Let d be u(c). Suppose q - 5*q - p + 304 = 0, -d*q + p = -304. What is the units digit of q?
6
What is the thousands digit of 524352/168 + 12 - 2/14?
3
Suppose -20*a - 100*a = 70*a - 3309230. What is the units digit of a?
7
Let h = 9 - 5. Let p be ((-12)/3)/(-1) + -3. Suppose b + 3 - p = 0, -798 = -5*u + h*b. What is the tens digit of u?
5
Let q(u) = 1102*u - 2076. What is the hundreds digit of q(11)?
0
Let h(s) = -s**2 - 12*s -